{"id":233,"date":"2025-11-05T18:20:14","date_gmt":"2025-11-05T17:20:14","guid":{"rendered":"http:\/\/valiosa.ch\/?page_id=233"},"modified":"2025-11-05T19:04:30","modified_gmt":"2025-11-05T18:04:30","slug":"impressum","status":"publish","type":"page","link":"https:\/\/valiosa.ch\/?page_id=233","title":{"rendered":"Impressum"},"content":{"rendered":"\t\t<div data-elementor-type=\"wp-page\" data-elementor-id=\"233\" class=\"elementor elementor-233\" data-elementor-post-type=\"page\">\n\t\t\t\t<div class=\"elementor-element elementor-element-8ba281f e-flex e-con-boxed e-con e-parent\" data-id=\"8ba281f\" data-element_type=\"container\">\n\t\t\t\t\t<div class=\"e-con-inner\">\n\t\t\t\t<div class=\"elementor-element elementor-element-5da21db elementor-widget elementor-widget-heading\" data-id=\"5da21db\" data-element_type=\"widget\" data-widget_type=\"heading.default\">\n\t\t\t\t\t<h1 class=\"elementor-heading-title elementor-size-default\">Impressum<\/h1>\t\t\t\t<\/div>\n\t\t\t\t\t<\/div>\n\t\t\t\t<\/div>\n\t\t<div class=\"elementor-element elementor-element-f4a8300 e-flex e-con-boxed e-con e-parent\" data-id=\"f4a8300\" data-element_type=\"container\">\n\t\t\t\t\t<div class=\"e-con-inner\">\n\t\t<div class=\"elementor-element elementor-element-e99a75d e-con-full e-flex e-con e-child\" data-id=\"e99a75d\" data-element_type=\"container\">\n\t\t\t\t<div class=\"elementor-element elementor-element-e7f02f9 elementor-widget elementor-widget-text-editor\" data-id=\"e7f02f9\" data-element_type=\"widget\" data-widget_type=\"text-editor.default\">\n\t\t\t\t\t\t\t\t\t<p class=\"bodytext\"><strong>Valiosa AG<\/strong><br \/>Flugplatzstrasse 5<br \/>8404 Winterthur<br \/><a href=\"tel:+41794003293\" data-global=\"phone\" data-track-event=\"click\" data-track-action=\"phone_link\">052 320 10 20<\/a><br \/><a href=\"mailto:&#105;n&#102;&#111;&#64;&#118;ali&#111;sa&#46;&#99;&#104;\" data-track-event=\"click\" data-track-action=\"email_link\">&#105;n&#102;&#111;&#64;&#118;a&#108;iosa&#46;ch<\/a><\/p><p><strong>Vollst\u00e4ndiger Firmenname<\/strong><br \/>Valiosa AG<\/p><p><strong>Ort der Gewerbeberechtigung<\/strong><br \/>Flugplatzstrasse 5<br \/>8404 Winterthur<\/p><p><strong>Umsatzsteuer ID: <br \/><\/strong>CHE110583147<br \/><br \/><strong>Haftungshinweis<\/strong><br \/>Trotz sorgf\u00e4ltiger inhaltlicher Kontrolle \u00fcbernehmen wir keine Haftung f\u00fcr die Inhalte externer Links. F\u00fcr den Inhalt der verlinkten Seiten sind ausschlie\u00dflich deren Betreiber verantwortlich.<br \/><br \/><strong>Streitigkeiten<\/strong><br \/>Hier erhalten Sie als Verbraucher die M\u00f6glichkeit, sich bei Streitigkeiten mit uns an eine Schlichtungsstelle zu wenden:\u00a0<a href=\"http:\/\/ec.europa.eu\/consumers\/odr\/\" target=\"_blank\" rel=\"noopener\" data-track-event=\"click\" data-track-action=\"link_clicked\">http:\/\/ec.europa.eu\/consumers\/odr\/<\/a>.<br \/>CH<\/p>\t\t\t\t\t\t\t\t<\/div>\n\t\t\t\t<\/div>\n\t\t<div class=\"elementor-element elementor-element-f205afd e-con-full e-flex e-con e-child\" data-id=\"f205afd\" data-element_type=\"container\">\n\t\t\t\t<\/div>\n\t\t\t\t\t<\/div>\n\t\t\t\t<\/div>\n\t\t\t\t<\/div>\n\t\t","protected":false},"excerpt":{"rendered":"<p>Impressum Valiosa AGFlugplatzstrasse 58404 Winterthur052 320 10 20&#105;&#110;&#102;o&#64;&#118;&#97;lio&#115;&#97;&#46;c&#104; Vollst\u00e4ndiger FirmennameValiosa AG Ort der GewerbeberechtigungFlugplatzstrasse 58404 Winterthur Umsatzsteuer ID: CHE110583147 HaftungshinweisTrotz sorgf\u00e4ltiger inhaltlicher Kontrolle \u00fcbernehmen wir keine Haftung f\u00fcr die Inhalte externer Links. F\u00fcr den Inhalt der verlinkten Seiten sind ausschlie\u00dflich deren Betreiber verantwortlich. StreitigkeitenHier erhalten Sie als Verbraucher die M\u00f6glichkeit, sich bei Streitigkeiten mit uns [&hellip;]<\/p>\n","protected":false},"author":1,"featured_media":0,"parent":0,"menu_order":0,"comment_status":"closed","ping_status":"closed","template":"elementor_header_footer","meta":{"footnotes":""},"class_list":["post-233","page","type-page","status-publish","hentry"],"_links":{"self":[{"href":"https:\/\/valiosa.ch\/index.php?rest_route=\/wp\/v2\/pages\/233","targetHints":{"allow":["GET"]}}],"collection":[{"href":"https:\/\/valiosa.ch\/index.php?rest_route=\/wp\/v2\/pages"}],"about":[{"href":"https:\/\/valiosa.ch\/index.php?rest_route=\/wp\/v2\/types\/page"}],"author":[{"embeddable":true,"href":"https:\/\/valiosa.ch\/index.php?rest_route=\/wp\/v2\/users\/1"}],"replies":[{"embeddable":true,"href":"https:\/\/valiosa.ch\/index.php?rest_route=%2Fwp%2Fv2%2Fcomments&post=233"}],"version-history":[{"count":10,"href":"https:\/\/valiosa.ch\/index.php?rest_route=\/wp\/v2\/pages\/233\/revisions"}],"predecessor-version":[{"id":338,"href":"https:\/\/valiosa.ch\/index.php?rest_route=\/wp\/v2\/pages\/233\/revisions\/338"}],"wp:attachment":[{"href":"https:\/\/valiosa.ch\/index.php?rest_route=%2Fwp%2Fv2%2Fmedia&parent=233"}],"curies":[{"name":"wp","href":"https:\/\/api.w.org\/{rel}","templated":true}]}}